{"id":22,"date":"2021-09-26T15:11:40","date_gmt":"2021-09-26T15:11:40","guid":{"rendered":"https:\/\/wlvbest.de\/?page_id=22"},"modified":"2026-01-05T10:23:51","modified_gmt":"2026-01-05T10:23:51","slug":"home","status":"publish","type":"page","link":"https:\/\/wlvbest.de\/","title":{"rendered":"Startseite"},"content":{"rendered":"<h2 style=\"text-align: center;\"><strong>Willkommen auf der Archiv &#8211; \u00a0Seite<br \/>\nder Landesbestenliste des WLV<\/strong><\/h2>\n<h1 style=\"text-align: center;\"><strong>Neu ab 2026<\/strong><\/h1>\n<h2 style=\"text-align: center;\"><b>Die aktuelle Daten werden nun nur noch \u00fcber LADV ver\u00f6ffentlicht<\/b><\/h2>\n<h2 style=\"text-align: center;\"><a href=\"https:\/\/bestenliste.wlv-sport.de\/\"><b>bestenliste.wlv-sport.de<\/b><\/a><\/h2>\n<p>&nbsp;<\/p>\n<h4>Bitte beachten Sie, das wir nur Ergebnisse von Veranstaltungen bearbeiten, die auch angemeldet sind. Des Weiteren m\u00fcssen die Athleten ein g\u00fcltigen Startpass haben um hier aufgef\u00fchrt zu werden. Bei Reklamationen bitte alle Notwendigen Daten angeben, wie Ort der Veranstaltung, Datum und ggf. den Link, sowie die\u00a0Altersklasse und den Wettbewerb um den es sich handelt.<\/h4>\n<p>&nbsp;<\/p>\n<p><b>Landesstatistik<br \/>\nf\u00fcr\u00a0<\/b><b>Jugend\/Aktive\/Senioren: Wolfgang Regedzinski<\/b><\/p>\n<p><b>Landesstatistik<br \/>\n<\/b><b>f\u00fcr Sch\u00fcler: G\u00fcnter Krehl<\/b><\/p>\n<p><b>Homepage<br \/>\n<\/b><b>und Organisation: J\u00fcrgen R\u00fcnzler<\/b><\/p>\n<p>&nbsp;<\/p>\n","protected":false},"excerpt":{"rendered":"<p>Willkommen auf der Archiv &#8211; \u00a0Seite der Landesbestenliste des WLV Neu ab 2026 Die aktuelle Daten werden nun nur noch \u00fcber LADV ver\u00f6ffentlicht bestenliste.wlv-sport.de &nbsp; Bitte beachten Sie, das wir nur Ergebnisse von Veranstaltungen bearbeiten, die auch angemeldet sind. Des Weiteren m\u00fcssen die Athleten ein g\u00fcltigen Startpass haben um hier aufgef\u00fchrt zu werden. Bei Reklamationen bitte alle Notwendigen Daten angeben, wie Ort der Veranstaltung, Datum und ggf. den Link, sowie die\u00a0Altersklasse und den Wettbewerb um den es sich handelt. &nbsp; Landesstatistik f\u00fcr\u00a0Jugend\/Aktive\/Senioren: Wolfgang Regedzinski Landesstatistik f\u00fcr Sch\u00fcler: G\u00fcnter Krehl Homepage und Organisation: J\u00fcrgen R\u00fcnzler &nbsp;<\/p>\n","protected":false},"author":1,"featured_media":0,"parent":0,"menu_order":0,"comment_status":"closed","ping_status":"closed","template":"","meta":{"_crdt_document":"","footnotes":""},"class_list":["post-22","page","type-page","status-publish","hentry"],"yoast_head":"<!-- This site is optimized with the Yoast SEO plugin v27.3 - https:\/\/yoast.com\/product\/yoast-seo-wordpress\/ -->\n<title>Startseite - W&uuml;rttembergische Bestenliste<\/title>\n<meta name=\"robots\" content=\"index, follow, max-snippet:-1, max-image-preview:large, max-video-preview:-1\" \/>\n<link rel=\"canonical\" href=\"https:\/\/wlvbest.de\/\" \/>\n<meta property=\"og:locale\" content=\"de_DE\" \/>\n<meta property=\"og:type\" content=\"article\" \/>\n<meta property=\"og:title\" content=\"Startseite - W&uuml;rttembergische Bestenliste\" \/>\n<meta property=\"og:description\" content=\"Willkommen auf der Archiv &#8211; \u00a0Seite der Landesbestenliste des WLV Neu ab 2026 Die aktuelle Daten werden nun nur noch \u00fcber LADV ver\u00f6ffentlicht bestenliste.wlv-sport.de &nbsp; Bitte beachten Sie, das wir nur Ergebnisse von Veranstaltungen bearbeiten, die auch angemeldet sind. Des Weiteren m\u00fcssen die Athleten ein g\u00fcltigen Startpass haben um hier aufgef\u00fchrt zu werden. Bei Reklamationen bitte alle Notwendigen Daten angeben, wie Ort der Veranstaltung, Datum und ggf. den Link, sowie die\u00a0Altersklasse und den Wettbewerb um den es sich handelt. &nbsp; Landesstatistik f\u00fcr\u00a0Jugend\/Aktive\/Senioren: Wolfgang Regedzinski Landesstatistik f\u00fcr Sch\u00fcler: G\u00fcnter Krehl Homepage und Organisation: J\u00fcrgen R\u00fcnzler &nbsp;\" \/>\n<meta property=\"og:url\" content=\"https:\/\/wlvbest.de\/\" \/>\n<meta property=\"og:site_name\" content=\"W&uuml;rttembergische Bestenliste\" \/>\n<meta property=\"article:modified_time\" content=\"2026-01-05T10:23:51+00:00\" \/>\n<meta name=\"twitter:card\" content=\"summary_large_image\" \/>\n<meta name=\"twitter:label1\" content=\"Gesch\u00e4tzte Lesezeit\" \/>\n\t<meta name=\"twitter:data1\" content=\"1\u00a0Minute\" \/>\n<script type=\"application\/ld+json\" class=\"yoast-schema-graph\">{\"@context\":\"https:\\\/\\\/schema.org\",\"@graph\":[{\"@type\":\"WebPage\",\"@id\":\"https:\\\/\\\/wlvbest.de\\\/\",\"url\":\"https:\\\/\\\/wlvbest.de\\\/\",\"name\":\"Startseite - W&uuml;rttembergische Bestenliste\",\"isPartOf\":{\"@id\":\"https:\\\/\\\/wlvbest.de\\\/#website\"},\"datePublished\":\"2021-09-26T15:11:40+00:00\",\"dateModified\":\"2026-01-05T10:23:51+00:00\",\"breadcrumb\":{\"@id\":\"https:\\\/\\\/wlvbest.de\\\/#breadcrumb\"},\"inLanguage\":\"de\",\"potentialAction\":[{\"@type\":\"ReadAction\",\"target\":[\"https:\\\/\\\/wlvbest.de\\\/\"]}]},{\"@type\":\"BreadcrumbList\",\"@id\":\"https:\\\/\\\/wlvbest.de\\\/#breadcrumb\",\"itemListElement\":[{\"@type\":\"ListItem\",\"position\":1,\"name\":\"Startseite\",\"item\":\"https:\\\/\\\/wlvbest.de\\\/\"},{\"@type\":\"ListItem\",\"position\":2,\"name\":\"Startseite\"}]},{\"@type\":\"WebSite\",\"@id\":\"https:\\\/\\\/wlvbest.de\\\/#website\",\"url\":\"https:\\\/\\\/wlvbest.de\\\/\",\"name\":\"W&uuml;rttembergische Bestenliste\",\"description\":\"\",\"potentialAction\":[{\"@type\":\"SearchAction\",\"target\":{\"@type\":\"EntryPoint\",\"urlTemplate\":\"https:\\\/\\\/wlvbest.de\\\/?s={search_term_string}\"},\"query-input\":{\"@type\":\"PropertyValueSpecification\",\"valueRequired\":true,\"valueName\":\"search_term_string\"}}],\"inLanguage\":\"de\"}]}<\/script>\n<!-- \/ Yoast SEO plugin. -->","yoast_head_json":{"title":"Startseite - W&uuml;rttembergische Bestenliste","robots":{"index":"index","follow":"follow","max-snippet":"max-snippet:-1","max-image-preview":"max-image-preview:large","max-video-preview":"max-video-preview:-1"},"canonical":"https:\/\/wlvbest.de\/","og_locale":"de_DE","og_type":"article","og_title":"Startseite - W&uuml;rttembergische Bestenliste","og_description":"Willkommen auf der Archiv &#8211; \u00a0Seite der Landesbestenliste des WLV Neu ab 2026 Die aktuelle Daten werden nun nur noch \u00fcber LADV ver\u00f6ffentlicht bestenliste.wlv-sport.de &nbsp; Bitte beachten Sie, das wir nur Ergebnisse von Veranstaltungen bearbeiten, die auch angemeldet sind. Des Weiteren m\u00fcssen die Athleten ein g\u00fcltigen Startpass haben um hier aufgef\u00fchrt zu werden. Bei Reklamationen bitte alle Notwendigen Daten angeben, wie Ort der Veranstaltung, Datum und ggf. den Link, sowie die\u00a0Altersklasse und den Wettbewerb um den es sich handelt. &nbsp; Landesstatistik f\u00fcr\u00a0Jugend\/Aktive\/Senioren: Wolfgang Regedzinski Landesstatistik f\u00fcr Sch\u00fcler: G\u00fcnter Krehl Homepage und Organisation: J\u00fcrgen R\u00fcnzler &nbsp;","og_url":"https:\/\/wlvbest.de\/","og_site_name":"W&uuml;rttembergische Bestenliste","article_modified_time":"2026-01-05T10:23:51+00:00","twitter_card":"summary_large_image","twitter_misc":{"Gesch\u00e4tzte Lesezeit":"1\u00a0Minute"},"schema":{"@context":"https:\/\/schema.org","@graph":[{"@type":"WebPage","@id":"https:\/\/wlvbest.de\/","url":"https:\/\/wlvbest.de\/","name":"Startseite - W&uuml;rttembergische Bestenliste","isPartOf":{"@id":"https:\/\/wlvbest.de\/#website"},"datePublished":"2021-09-26T15:11:40+00:00","dateModified":"2026-01-05T10:23:51+00:00","breadcrumb":{"@id":"https:\/\/wlvbest.de\/#breadcrumb"},"inLanguage":"de","potentialAction":[{"@type":"ReadAction","target":["https:\/\/wlvbest.de\/"]}]},{"@type":"BreadcrumbList","@id":"https:\/\/wlvbest.de\/#breadcrumb","itemListElement":[{"@type":"ListItem","position":1,"name":"Startseite","item":"https:\/\/wlvbest.de\/"},{"@type":"ListItem","position":2,"name":"Startseite"}]},{"@type":"WebSite","@id":"https:\/\/wlvbest.de\/#website","url":"https:\/\/wlvbest.de\/","name":"W&uuml;rttembergische Bestenliste","description":"","potentialAction":[{"@type":"SearchAction","target":{"@type":"EntryPoint","urlTemplate":"https:\/\/wlvbest.de\/?s={search_term_string}"},"query-input":{"@type":"PropertyValueSpecification","valueRequired":true,"valueName":"search_term_string"}}],"inLanguage":"de"}]}},"_links":{"self":[{"href":"https:\/\/wlvbest.de\/index.php?rest_route=\/wp\/v2\/pages\/22","targetHints":{"allow":["GET"]}}],"collection":[{"href":"https:\/\/wlvbest.de\/index.php?rest_route=\/wp\/v2\/pages"}],"about":[{"href":"https:\/\/wlvbest.de\/index.php?rest_route=\/wp\/v2\/types\/page"}],"author":[{"embeddable":true,"href":"https:\/\/wlvbest.de\/index.php?rest_route=\/wp\/v2\/users\/1"}],"replies":[{"embeddable":true,"href":"https:\/\/wlvbest.de\/index.php?rest_route=%2Fwp%2Fv2%2Fcomments&post=22"}],"version-history":[{"count":14,"href":"https:\/\/wlvbest.de\/index.php?rest_route=\/wp\/v2\/pages\/22\/revisions"}],"predecessor-version":[{"id":528,"href":"https:\/\/wlvbest.de\/index.php?rest_route=\/wp\/v2\/pages\/22\/revisions\/528"}],"wp:attachment":[{"href":"https:\/\/wlvbest.de\/index.php?rest_route=%2Fwp%2Fv2%2Fmedia&parent=22"}],"curies":[{"name":"wp","href":"https:\/\/api.w.org\/{rel}","templated":true}]}}