{"id":106,"date":"2022-01-11T17:54:25","date_gmt":"2022-01-11T17:54:25","guid":{"rendered":"https:\/\/wlvbest.de\/?page_id=106"},"modified":"2023-01-18T16:15:34","modified_gmt":"2023-01-18T16:15:34","slug":"impressum","status":"publish","type":"page","link":"https:\/\/wlvbest.de\/?page_id=106","title":{"rendered":"Impressum"},"content":{"rendered":"<h2><strong>Impressum<\/strong><\/h2>\n<p>Angaben zur allgemeinen Informationspflicht gem\u00e4\u00df \u00a7 5 TMG und \u00a7 55 RStV:<\/p>\n<p><b>Diensteanbieter:<\/b><\/p>\n<p>GFLW \u2013 Gesellschaft zur F\u00f6rderung der Leichtathletik in W\u00fcrttemberg mbH<br \/>\nFritz-Walter-Weg 19, 70372 Stuttgart<br \/>\nTelefon 0711-28077-700; Fax: 0711-28077-720<br \/>\nE-Mail:info(@)gflw.de<br \/>\nInternet:\u00a0<a href=\"http:\/\/www.gflw.de\/\">http:\/\/www.gflw.de<\/a><br \/>\nGesch\u00e4ftsf\u00fchrer: Rene Stau\u00df<br \/>\nAmtsgericht Stuttgart , HRB 12050<br \/>\nUmsatzsteuer-Identifikationsnummer gem\u00e4\u00df \u00a7 27a Umsatzsteuergesetz: DE 147814552<\/p>\n<p><b>Auftraggeber:<\/b><\/p>\n<p>W\u00fcrttembergischer Leichtathletik-Verband e.V. (WLV)<br \/>\nFritz-Walter-Weg 19, 70372 Stuttgart<br \/>\nTelefon 0711-28077-700; Fax: 0711-28077-720<br \/>\nE-Mail: info(@)wlv-sport.de<br \/>\nInternet: <a href=\"http:\/\/www.wlv-sport.de\/\">http:\/\/www.wlv-sport.de<\/a><\/p>\n<p>Vertretungsberechtigter Vorstand:<br \/>\nDieter Schneider (Pr\u00e4sident), Dr. Joachim Beckmann (Vorstand Finanzen), Rene Stau\u00df (Gesch\u00e4ftsf\u00fchrer)<\/p>\n<p>Registergericht: Amtsgericht Stuttgart<br \/>\nRegisternummer: Nr. 879 im Vereinsregister des Amtsgerichts Stuttgart<br \/>\nUmsatzsteuer-Identifikationsnummer gem\u00e4\u00df \u00a7 27a Umsatzsteuergesetz: DE 99018 \/ 07598<\/p>\n<p><b>Inhaltlich Verantwortlicher:<\/b><\/p>\n<p>Wolfgang Regedzinski<\/p>\n<p><b>Technische Umsetzung und Pflege:<\/b><\/p>\n<p>J\u00fcrgen R\u00fcnzler<\/p>\n<p><b>Haftungshinweis:<\/b><\/p>\n<p>Die Informationen auf dieser Website wurden sorgf\u00e4ltig zusammengestellt und gepr\u00fcft. Der W\u00fcrttembergische Leichtathletik-Verband \u00fcbernimmt trotzdem weder ausdr\u00fccklich noch stillschweigend eine Gew\u00e4hrleistung f\u00fcr die Richtigkeit, Aktualit\u00e4t oder Vollst\u00e4ndigkeit des Inhalts dieser Seiten, es sei denn, anwendbare Gesetze schreiben zwingend eine Haftung vor. Eine Haftung durch den W\u00fcrttembergischen Leichtathletik-Verband f\u00fcr Sch\u00e4den, die aus der Nutzung der auf dieser Website angebotenen Informationen entstehen, ist \u2013 soweit gesetzlich zul\u00e4ssig \u2013 ausgeschlossen. Ebenfalls wird f\u00fcr etwaige Sch\u00e4den, die beim Aufrufen oder Herunterladen von Daten durch Computerviren oder bei der Installation oder Nutzung von Software verursacht werden, nur im Rahmen der gesetzlichen Bestimmungen gehaftet.<\/p>\n<p>Trotz sorgf\u00e4ltiger inhaltlicher Kontrolle \u00fcbernehmen wir keine Haftung f\u00fcr die Inhalte externer Links. F\u00fcr den Inhalt der verlinkten Seiten sind ausschlie\u00dflich deren Betreiber verantwortlich. Es wird daher keine Verantwortung f\u00fcr die Verf\u00fcgbarkeit oder den Inhalt solcher Seiten \u00fcbernommen und keine Haftung f\u00fcr Sch\u00e4den, die aus der Nutzung solcher Inhalte entstehen.<\/p>\n<p><b>Nutzerbedingungen:<\/b><\/p>\n<p>Mit dem Zugriff auf die Internetseiten des W\u00fcrttembergischen Leichtathletik-Verbandes erkl\u00e4rt der Nutzer sein Einverst\u00e4ndnis mit den nachstehenden Nutzungsbedingungen.<\/p>\n<p>Die Gestaltung des Angebots sowie die inhaltlichen Beitr\u00e4ge dieser Seite sind urheberrechtlich gesch\u00fctzt.<\/p>\n<p>Die auf diesen Seiten enthaltenen Daten (Texte, Bilder, Grafiken, Ton-, Video- oder Animationsdateien) sind Eigentum des W\u00fcrttembergischen Leichtathletik-Verbandes oder des jeweiligen genannten Inhabers und d\u00fcrfen ohne vorherige schriftliche Genehmigung durch den W\u00fcrttembergischen Leichtathletik-Verband in keiner Form weder ganz noch teilweise vervielf\u00e4ltigt, weitergegeben, verbreitet oder gespeichert werden.V<\/p>\n","protected":false},"excerpt":{"rendered":"<p>Impressum Angaben zur allgemeinen Informationspflicht gem\u00e4\u00df \u00a7 5 TMG und \u00a7 55 RStV: Diensteanbieter: GFLW \u2013 Gesellschaft zur F\u00f6rderung der Leichtathletik in W\u00fcrttemberg mbH Fritz-Walter-Weg 19, 70372 Stuttgart Telefon 0711-28077-700; Fax: 0711-28077-720 E-Mail:info(@)gflw.de Internet:\u00a0http:\/\/www.gflw.de Gesch\u00e4ftsf\u00fchrer: Rene Stau\u00df Amtsgericht Stuttgart , HRB 12050 Umsatzsteuer-Identifikationsnummer gem\u00e4\u00df \u00a7 27a Umsatzsteuergesetz: DE 147814552 Auftraggeber: W\u00fcrttembergischer Leichtathletik-Verband e.V. (WLV) Fritz-Walter-Weg 19, 70372 Stuttgart Telefon 0711-28077-700; Fax: 0711-28077-720 E-Mail: info(@)wlv-sport.de Internet: http:\/\/www.wlv-sport.de Vertretungsberechtigter Vorstand: Dieter Schneider (Pr\u00e4sident), Dr. Joachim Beckmann (Vorstand Finanzen), Rene Stau\u00df (Gesch\u00e4ftsf\u00fchrer) Registergericht: Amtsgericht Stuttgart Registernummer: Nr. 879 im Vereinsregister des Amtsgerichts Stuttgart Umsatzsteuer-Identifikationsnummer gem\u00e4\u00df \u00a7 27a Umsatzsteuergesetz: DE 99018 \/ 07598 Inhaltlich Verantwortlicher: Wolfgang Regedzinski Technische Umsetzung und Pflege: J\u00fcrgen R\u00fcnzler Haftungshinweis: Die Informationen auf dieser Website wurden sorgf\u00e4ltig zusammengestellt und gepr\u00fcft. Der W\u00fcrttembergische Leichtathletik-Verband \u00fcbernimmt trotzdem weder ausdr\u00fccklich noch stillschweigend eine Gew\u00e4hrleistung f\u00fcr die Richtigkeit, Aktualit\u00e4t oder Vollst\u00e4ndigkeit des Inhalts dieser Seiten, es sei denn, anwendbare Gesetze schreiben zwingend eine Haftung vor. Eine Haftung durch den W\u00fcrttembergischen Leichtathletik-Verband f\u00fcr Sch\u00e4den, die aus der Nutzung der auf dieser Website angebotenen Informationen entstehen, ist \u2013 soweit gesetzlich zul\u00e4ssig \u2013 ausgeschlossen. Ebenfalls wird f\u00fcr etwaige Sch\u00e4den, die beim Aufrufen oder Herunterladen von Daten durch Computerviren oder bei der Installation oder Nutzung von Software verursacht werden, nur im Rahmen der gesetzlichen Bestimmungen gehaftet. Trotz sorgf\u00e4ltiger inhaltlicher Kontrolle \u00fcbernehmen wir keine Haftung f\u00fcr die Inhalte externer Links. F\u00fcr den Inhalt der verlinkten Seiten sind ausschlie\u00dflich deren Betreiber verantwortlich. Es wird daher keine Verantwortung f\u00fcr die Verf\u00fcgbarkeit oder den Inhalt solcher Seiten \u00fcbernommen und keine Haftung f\u00fcr Sch\u00e4den, die aus der Nutzung solcher Inhalte entstehen. Nutzerbedingungen: Mit dem Zugriff auf die Internetseiten des W\u00fcrttembergischen Leichtathletik-Verbandes erkl\u00e4rt der Nutzer sein Einverst\u00e4ndnis mit den nachstehenden Nutzungsbedingungen. Die Gestaltung des Angebots sowie die inhaltlichen Beitr\u00e4ge dieser Seite sind urheberrechtlich gesch\u00fctzt. Die auf diesen Seiten enthaltenen Daten (Texte, Bilder, Grafiken, Ton-, Video- oder Animationsdateien) sind Eigentum des W\u00fcrttembergischen Leichtathletik-Verbandes oder des jeweiligen genannten Inhabers und d\u00fcrfen ohne vorherige schriftliche Genehmigung durch den W\u00fcrttembergischen Leichtathletik-Verband in keiner Form weder ganz noch teilweise vervielf\u00e4ltigt, weitergegeben, verbreitet oder gespeichert werden.V<\/p>\n","protected":false},"author":1,"featured_media":0,"parent":0,"menu_order":0,"comment_status":"closed","ping_status":"closed","template":"","meta":{"_crdt_document":"","footnotes":""},"class_list":["post-106","page","type-page","status-publish","hentry"],"yoast_head":"<!-- This site is optimized with the Yoast SEO plugin v27.5 - https:\/\/yoast.com\/product\/yoast-seo-wordpress\/ -->\n<title>Impressum - W&uuml;rttembergische Bestenliste<\/title>\n<meta name=\"robots\" content=\"index, follow, max-snippet:-1, max-image-preview:large, max-video-preview:-1\" \/>\n<link rel=\"canonical\" href=\"https:\/\/wlvbest.de\/?page_id=106\" \/>\n<meta property=\"og:locale\" content=\"de_DE\" \/>\n<meta property=\"og:type\" content=\"article\" \/>\n<meta property=\"og:title\" content=\"Impressum - W&uuml;rttembergische Bestenliste\" \/>\n<meta property=\"og:description\" content=\"Impressum Angaben zur allgemeinen Informationspflicht gem\u00e4\u00df \u00a7 5 TMG und \u00a7 55 RStV: Diensteanbieter: GFLW \u2013 Gesellschaft zur F\u00f6rderung der Leichtathletik in W\u00fcrttemberg mbH Fritz-Walter-Weg 19, 70372 Stuttgart Telefon 0711-28077-700; Fax: 0711-28077-720 E-Mail:info(@)gflw.de Internet:\u00a0http:\/\/www.gflw.de Gesch\u00e4ftsf\u00fchrer: Rene Stau\u00df Amtsgericht Stuttgart , HRB 12050 Umsatzsteuer-Identifikationsnummer gem\u00e4\u00df \u00a7 27a Umsatzsteuergesetz: DE 147814552 Auftraggeber: W\u00fcrttembergischer Leichtathletik-Verband e.V. (WLV) Fritz-Walter-Weg 19, 70372 Stuttgart Telefon 0711-28077-700; Fax: 0711-28077-720 E-Mail: info(@)wlv-sport.de Internet: http:\/\/www.wlv-sport.de Vertretungsberechtigter Vorstand: Dieter Schneider (Pr\u00e4sident), Dr. Joachim Beckmann (Vorstand Finanzen), Rene Stau\u00df (Gesch\u00e4ftsf\u00fchrer) Registergericht: Amtsgericht Stuttgart Registernummer: Nr. 879 im Vereinsregister des Amtsgerichts Stuttgart Umsatzsteuer-Identifikationsnummer gem\u00e4\u00df \u00a7 27a Umsatzsteuergesetz: DE 99018 \/ 07598 Inhaltlich Verantwortlicher: Wolfgang Regedzinski Technische Umsetzung und Pflege: J\u00fcrgen R\u00fcnzler Haftungshinweis: Die Informationen auf dieser Website wurden sorgf\u00e4ltig zusammengestellt und gepr\u00fcft. Der W\u00fcrttembergische Leichtathletik-Verband \u00fcbernimmt trotzdem weder ausdr\u00fccklich noch stillschweigend eine Gew\u00e4hrleistung f\u00fcr die Richtigkeit, Aktualit\u00e4t oder Vollst\u00e4ndigkeit des Inhalts dieser Seiten, es sei denn, anwendbare Gesetze schreiben zwingend eine Haftung vor. Eine Haftung durch den W\u00fcrttembergischen Leichtathletik-Verband f\u00fcr Sch\u00e4den, die aus der Nutzung der auf dieser Website angebotenen Informationen entstehen, ist \u2013 soweit gesetzlich zul\u00e4ssig \u2013 ausgeschlossen. Ebenfalls wird f\u00fcr etwaige Sch\u00e4den, die beim Aufrufen oder Herunterladen von Daten durch Computerviren oder bei der Installation oder Nutzung von Software verursacht werden, nur im Rahmen der gesetzlichen Bestimmungen gehaftet. Trotz sorgf\u00e4ltiger inhaltlicher Kontrolle \u00fcbernehmen wir keine Haftung f\u00fcr die Inhalte externer Links. F\u00fcr den Inhalt der verlinkten Seiten sind ausschlie\u00dflich deren Betreiber verantwortlich. Es wird daher keine Verantwortung f\u00fcr die Verf\u00fcgbarkeit oder den Inhalt solcher Seiten \u00fcbernommen und keine Haftung f\u00fcr Sch\u00e4den, die aus der Nutzung solcher Inhalte entstehen. Nutzerbedingungen: Mit dem Zugriff auf die Internetseiten des W\u00fcrttembergischen Leichtathletik-Verbandes erkl\u00e4rt der Nutzer sein Einverst\u00e4ndnis mit den nachstehenden Nutzungsbedingungen. Die Gestaltung des Angebots sowie die inhaltlichen Beitr\u00e4ge dieser Seite sind urheberrechtlich gesch\u00fctzt. Die auf diesen Seiten enthaltenen Daten (Texte, Bilder, Grafiken, Ton-, Video- oder Animationsdateien) sind Eigentum des W\u00fcrttembergischen Leichtathletik-Verbandes oder des jeweiligen genannten Inhabers und d\u00fcrfen ohne vorherige schriftliche Genehmigung durch den W\u00fcrttembergischen Leichtathletik-Verband in keiner Form weder ganz noch teilweise vervielf\u00e4ltigt, weitergegeben, verbreitet oder gespeichert werden.V\" \/>\n<meta property=\"og:url\" content=\"https:\/\/wlvbest.de\/?page_id=106\" \/>\n<meta property=\"og:site_name\" content=\"W&uuml;rttembergische Bestenliste\" \/>\n<meta property=\"article:modified_time\" content=\"2023-01-18T16:15:34+00:00\" \/>\n<meta name=\"twitter:card\" content=\"summary_large_image\" \/>\n<meta name=\"twitter:label1\" content=\"Gesch\u00e4tzte Lesezeit\" \/>\n\t<meta name=\"twitter:data1\" content=\"2\u00a0Minuten\" \/>\n<script type=\"application\/ld+json\" class=\"yoast-schema-graph\">{\"@context\":\"https:\\\/\\\/schema.org\",\"@graph\":[{\"@type\":\"WebPage\",\"@id\":\"https:\\\/\\\/wlvbest.de\\\/?page_id=106\",\"url\":\"https:\\\/\\\/wlvbest.de\\\/?page_id=106\",\"name\":\"Impressum - W&uuml;rttembergische Bestenliste\",\"isPartOf\":{\"@id\":\"https:\\\/\\\/wlvbest.de\\\/#website\"},\"datePublished\":\"2022-01-11T17:54:25+00:00\",\"dateModified\":\"2023-01-18T16:15:34+00:00\",\"breadcrumb\":{\"@id\":\"https:\\\/\\\/wlvbest.de\\\/?page_id=106#breadcrumb\"},\"inLanguage\":\"de\",\"potentialAction\":[{\"@type\":\"ReadAction\",\"target\":[\"https:\\\/\\\/wlvbest.de\\\/?page_id=106\"]}]},{\"@type\":\"BreadcrumbList\",\"@id\":\"https:\\\/\\\/wlvbest.de\\\/?page_id=106#breadcrumb\",\"itemListElement\":[{\"@type\":\"ListItem\",\"position\":1,\"name\":\"Startseite\",\"item\":\"https:\\\/\\\/wlvbest.de\\\/\"},{\"@type\":\"ListItem\",\"position\":2,\"name\":\"Impressum\"}]},{\"@type\":\"WebSite\",\"@id\":\"https:\\\/\\\/wlvbest.de\\\/#website\",\"url\":\"https:\\\/\\\/wlvbest.de\\\/\",\"name\":\"W&uuml;rttembergische Bestenliste\",\"description\":\"\",\"potentialAction\":[{\"@type\":\"SearchAction\",\"target\":{\"@type\":\"EntryPoint\",\"urlTemplate\":\"https:\\\/\\\/wlvbest.de\\\/?s={search_term_string}\"},\"query-input\":{\"@type\":\"PropertyValueSpecification\",\"valueRequired\":true,\"valueName\":\"search_term_string\"}}],\"inLanguage\":\"de\"}]}<\/script>\n<!-- \/ Yoast SEO plugin. -->","yoast_head_json":{"title":"Impressum - W&uuml;rttembergische Bestenliste","robots":{"index":"index","follow":"follow","max-snippet":"max-snippet:-1","max-image-preview":"max-image-preview:large","max-video-preview":"max-video-preview:-1"},"canonical":"https:\/\/wlvbest.de\/?page_id=106","og_locale":"de_DE","og_type":"article","og_title":"Impressum - W&uuml;rttembergische Bestenliste","og_description":"Impressum Angaben zur allgemeinen Informationspflicht gem\u00e4\u00df \u00a7 5 TMG und \u00a7 55 RStV: Diensteanbieter: GFLW \u2013 Gesellschaft zur F\u00f6rderung der Leichtathletik in W\u00fcrttemberg mbH Fritz-Walter-Weg 19, 70372 Stuttgart Telefon 0711-28077-700; Fax: 0711-28077-720 E-Mail:info(@)gflw.de Internet:\u00a0http:\/\/www.gflw.de Gesch\u00e4ftsf\u00fchrer: Rene Stau\u00df Amtsgericht Stuttgart , HRB 12050 Umsatzsteuer-Identifikationsnummer gem\u00e4\u00df \u00a7 27a Umsatzsteuergesetz: DE 147814552 Auftraggeber: W\u00fcrttembergischer Leichtathletik-Verband e.V. (WLV) Fritz-Walter-Weg 19, 70372 Stuttgart Telefon 0711-28077-700; Fax: 0711-28077-720 E-Mail: info(@)wlv-sport.de Internet: http:\/\/www.wlv-sport.de Vertretungsberechtigter Vorstand: Dieter Schneider (Pr\u00e4sident), Dr. Joachim Beckmann (Vorstand Finanzen), Rene Stau\u00df (Gesch\u00e4ftsf\u00fchrer) Registergericht: Amtsgericht Stuttgart Registernummer: Nr. 879 im Vereinsregister des Amtsgerichts Stuttgart Umsatzsteuer-Identifikationsnummer gem\u00e4\u00df \u00a7 27a Umsatzsteuergesetz: DE 99018 \/ 07598 Inhaltlich Verantwortlicher: Wolfgang Regedzinski Technische Umsetzung und Pflege: J\u00fcrgen R\u00fcnzler Haftungshinweis: Die Informationen auf dieser Website wurden sorgf\u00e4ltig zusammengestellt und gepr\u00fcft. Der W\u00fcrttembergische Leichtathletik-Verband \u00fcbernimmt trotzdem weder ausdr\u00fccklich noch stillschweigend eine Gew\u00e4hrleistung f\u00fcr die Richtigkeit, Aktualit\u00e4t oder Vollst\u00e4ndigkeit des Inhalts dieser Seiten, es sei denn, anwendbare Gesetze schreiben zwingend eine Haftung vor. Eine Haftung durch den W\u00fcrttembergischen Leichtathletik-Verband f\u00fcr Sch\u00e4den, die aus der Nutzung der auf dieser Website angebotenen Informationen entstehen, ist \u2013 soweit gesetzlich zul\u00e4ssig \u2013 ausgeschlossen. Ebenfalls wird f\u00fcr etwaige Sch\u00e4den, die beim Aufrufen oder Herunterladen von Daten durch Computerviren oder bei der Installation oder Nutzung von Software verursacht werden, nur im Rahmen der gesetzlichen Bestimmungen gehaftet. Trotz sorgf\u00e4ltiger inhaltlicher Kontrolle \u00fcbernehmen wir keine Haftung f\u00fcr die Inhalte externer Links. F\u00fcr den Inhalt der verlinkten Seiten sind ausschlie\u00dflich deren Betreiber verantwortlich. Es wird daher keine Verantwortung f\u00fcr die Verf\u00fcgbarkeit oder den Inhalt solcher Seiten \u00fcbernommen und keine Haftung f\u00fcr Sch\u00e4den, die aus der Nutzung solcher Inhalte entstehen. Nutzerbedingungen: Mit dem Zugriff auf die Internetseiten des W\u00fcrttembergischen Leichtathletik-Verbandes erkl\u00e4rt der Nutzer sein Einverst\u00e4ndnis mit den nachstehenden Nutzungsbedingungen. Die Gestaltung des Angebots sowie die inhaltlichen Beitr\u00e4ge dieser Seite sind urheberrechtlich gesch\u00fctzt. Die auf diesen Seiten enthaltenen Daten (Texte, Bilder, Grafiken, Ton-, Video- oder Animationsdateien) sind Eigentum des W\u00fcrttembergischen Leichtathletik-Verbandes oder des jeweiligen genannten Inhabers und d\u00fcrfen ohne vorherige schriftliche Genehmigung durch den W\u00fcrttembergischen Leichtathletik-Verband in keiner Form weder ganz noch teilweise vervielf\u00e4ltigt, weitergegeben, verbreitet oder gespeichert werden.V","og_url":"https:\/\/wlvbest.de\/?page_id=106","og_site_name":"W&uuml;rttembergische Bestenliste","article_modified_time":"2023-01-18T16:15:34+00:00","twitter_card":"summary_large_image","twitter_misc":{"Gesch\u00e4tzte Lesezeit":"2\u00a0Minuten"},"schema":{"@context":"https:\/\/schema.org","@graph":[{"@type":"WebPage","@id":"https:\/\/wlvbest.de\/?page_id=106","url":"https:\/\/wlvbest.de\/?page_id=106","name":"Impressum - W&uuml;rttembergische Bestenliste","isPartOf":{"@id":"https:\/\/wlvbest.de\/#website"},"datePublished":"2022-01-11T17:54:25+00:00","dateModified":"2023-01-18T16:15:34+00:00","breadcrumb":{"@id":"https:\/\/wlvbest.de\/?page_id=106#breadcrumb"},"inLanguage":"de","potentialAction":[{"@type":"ReadAction","target":["https:\/\/wlvbest.de\/?page_id=106"]}]},{"@type":"BreadcrumbList","@id":"https:\/\/wlvbest.de\/?page_id=106#breadcrumb","itemListElement":[{"@type":"ListItem","position":1,"name":"Startseite","item":"https:\/\/wlvbest.de\/"},{"@type":"ListItem","position":2,"name":"Impressum"}]},{"@type":"WebSite","@id":"https:\/\/wlvbest.de\/#website","url":"https:\/\/wlvbest.de\/","name":"W&uuml;rttembergische Bestenliste","description":"","potentialAction":[{"@type":"SearchAction","target":{"@type":"EntryPoint","urlTemplate":"https:\/\/wlvbest.de\/?s={search_term_string}"},"query-input":{"@type":"PropertyValueSpecification","valueRequired":true,"valueName":"search_term_string"}}],"inLanguage":"de"}]}},"_links":{"self":[{"href":"https:\/\/wlvbest.de\/index.php?rest_route=\/wp\/v2\/pages\/106","targetHints":{"allow":["GET"]}}],"collection":[{"href":"https:\/\/wlvbest.de\/index.php?rest_route=\/wp\/v2\/pages"}],"about":[{"href":"https:\/\/wlvbest.de\/index.php?rest_route=\/wp\/v2\/types\/page"}],"author":[{"embeddable":true,"href":"https:\/\/wlvbest.de\/index.php?rest_route=\/wp\/v2\/users\/1"}],"replies":[{"embeddable":true,"href":"https:\/\/wlvbest.de\/index.php?rest_route=%2Fwp%2Fv2%2Fcomments&post=106"}],"version-history":[{"count":2,"href":"https:\/\/wlvbest.de\/index.php?rest_route=\/wp\/v2\/pages\/106\/revisions"}],"predecessor-version":[{"id":345,"href":"https:\/\/wlvbest.de\/index.php?rest_route=\/wp\/v2\/pages\/106\/revisions\/345"}],"wp:attachment":[{"href":"https:\/\/wlvbest.de\/index.php?rest_route=%2Fwp%2Fv2%2Fmedia&parent=106"}],"curies":[{"name":"wp","href":"https:\/\/api.w.org\/{rel}","templated":true}]}}